s 66 a factor of 2074?
False
Is 1728 a multiple of 16?
True
Does 34 divide 44795?
False
Is 1539 a multiple of 6?
False
Is 71 a factor of 852?
True
Does 8 divide 367?
False
Does 182 divide 6453?
False
Does 128 divide 55625?
False
Is 1653 a multiple of 29?
True
Does 36 divide 9936?
True
Does 9 divide 1575?
True
Is 217 a factor of 19964?
True
Is 4320 a multiple of 5?
True
Does 13 divide 28138?
False
Does 48 divide 4416?
True
Does 9 divide 415?
False
Is 84 a factor of 168?
True
Does 29 divide 1351?
False
Is 69 a factor of 1571?
False
Does 29 divide 1450?
True
Does 29 divide 13601?
True
Does 41 divide 1083?
False
Does 11 divide 455?
False
Is 11 a factor of 1720?
False
Is 1859 a multiple of 9?
False
Is 11725 a multiple of 25?
True
Is 195 a factor of 18955?
False
Does 11 divide 962?
False
Is 245 a multiple of 21?
False
Does 63 divide 7932?
False
Is 15 a factor of 15?
True
Is 12 a factor of 168?
True
Is 79 a factor of 5056?
True
Is 6496 a multiple of 56?
True
Is 177 a multiple of 59?
True
Is 16036 a multiple of 211?
True
Is 1584 a multiple of 72?
True
Is 45 a factor of 39870?
True
Is 69 a factor of 8225?
False
Does 119 divide 13685?
True
Is 12 a factor of 216?
True
Does 13 divide 109183?
False
Is 16786 a multiple of 11?
True
Is 8 a factor of 40912?
True
Is 5 a factor of 840?
True
Is 803 a multiple of 128?
False
Does 23 divide 6588?
False
Is 106 a multiple of 2?
True
Does 75 divide 7321?
False
Is 3990 a multiple of 12?
False
Is 27597 a multiple of 237?
False
Does 2 divide 154?
True
Is 7 a factor of 244?
False
Is 17 a factor of 255?
True
Is 352 a multiple of 4?
True
Is 47 a factor of 15745?
True
Is 122 a factor of 45994?
True
Is 5830 a multiple of 55?
True
Does 104 divide 1816?
False
Is 41 a factor of 638?
False
Does 51 divide 2376?
False
Is 4109 a multiple of 30?
False
Is 201 a multiple of 2?
False
Does 37 divide 1094?
False
Is 11944 a multiple of 14?
False
Does 6 divide 143?
False
Is 369 a multiple of 2?
False
Is 171 a multiple of 57?
True
Is 4 a factor of 8119?
False
Is 28 a factor of 2484?
False
Is 31 a factor of 1581?
True
Is 31 a factor of 8060?
True
Is 18 a factor of 1222?
False
Is 954 a multiple of 9?
True
Is 18 a factor of 13436?
False
Does 25 divide 50?
True
Is 109 a factor of 25833?
True
Is 113964 a multiple of 12?
True
Is 504 a multiple of 36?
True
Is 668 a multiple of 40?
False
Is 6536 a multiple of 152?
True
Does 29 divide 9682?
False
Is 13 a factor of 182?
True
Is 24 a factor of 18576?
True
Does 147 divide 7770?
False
Is 10266 a multiple of 38?
False
Is 4 a factor of 170?
False
Does 19 divide 2356?
True
Is 3 a factor of 118?
False
Is 22 a factor of 47456?
False
Is 12 a factor of 92326?
False
Is 13 a factor of 159?
False
Does 107 divide 11556?
True
Is 11 a factor of 1149?
False
Is 13320 a multiple of 45?
True
Does 71 divide 2306?
False
Is 1883 a multiple of 47?
False
Is 7 a factor of 11284?
True
Does 32 divide 1339?
False
Does 33 divide 363?
True
Is 11552 a multiple of 4?
True
Is 61 a factor of 16287?
True
Is 60208 a multiple of 101?
False
Does 66 divide 12948?
False
Is 696 a multiple of 24?
True
Is 26 a factor of 2956?
False
Is 8796 a multiple of 12?
True
Does 5 divide 103?
False
Is 28 a factor of 3771?
False
Is 8 a factor of 74?
False
Does 100 divide 92100?
True
Does 21 divide 1152?
False
Is 19 a factor of 5225?
True
Is 693 a multiple of 4?
False
Is 150 a multiple of 5?
True
Is 1360 a multiple of 40?
True
Is 76 a factor of 1071?
False
Does 35 divide 2084?
False
Is 30 a factor of 15857?
False
Is 67 a factor of 115?
False
Is 15360 a multiple of 184?
False
Is 38960 a multiple of 67?
False
Does 8 divide 8856?
True
Is 11 a factor of 60028?
False
Is 2457 a multiple of 117?
True
Does 123 divide 24383?
False
Does 94 divide 1786?
True
Does 9 divide 306?
True
Is 256 a multiple of 64?
True
Is 22 a factor of 7722?
True
Does 67 divide 268?
True
Is 48 a factor of 21072?
True
Is 3861 a multiple of 117?
True
Is 932 a multiple of 10?
False
Is 2 a factor of 357?
False
Is 28 a factor of 31414?
False
Is 9 a factor of 596?
False
Is 7 a factor of 980?
True
Is 6656 a multiple of 52?
True
Is 7 a factor of 1193?
False
Is 4715 a multiple of 23?
True
Does 94 divide 10998?
True
Is 53 a factor of 2036?
False
Is 53946 a multiple of 107?
False
Is 81 a factor of 3969?
True
Is 32 a factor of 352?
True
Is 59 a factor of 177?
True
Is 322 a multiple of 7?
True
Does 18 divide 5106?
False
Does 7 divide 469?
True
Is 1185 a multiple of 9?
False
Is 28 a factor of 5448?
False
Is 91 a factor of 819?
True
Is 273 a multiple of 3?
True
Is 28 a multiple of 14?
True
Is 44 a multiple of 4?
True
Is 8 a factor of 142?
False
Is 83 a factor of 2513?
False
Is 4 a factor of 39?
False
Is 28 a multiple of 4?
True
Is 1435 a multiple of 25?
False
Is 13915 a multiple of 115?
True
Is 21 a factor of 84?
True
Is 720 a multiple of 69?
False
Does 68 divide 1232?
False
Is 3 a factor of 166?
False
Does 4 divide 463?
False
Is 7 a factor of 226?
False
Is 91 a multiple of 8?
False
Is 55 a factor of 4621?
False
Is 13 a factor of 4537?
True
Does 4 divide 1116?
True
Is 11061 a multiple of 9?
True
Does 6 divide 17181?
False
Is 2663 a multiple of 9?
False
Is 48 a factor of 548?
False
Does 36 divide 3456?
True
Is 4 a factor of 10?
False
Is 60 a factor of 2880?
True
Is 78 a factor of 7332?
True
Does 62 divide 6449?
False
Is 628 even?
True
Does 2 divide 8256?
True
Is 17 a factor of 1700?
True
Is 6608 a multiple of 28?
True
Does 10 divide 1050?
True
Is 1849 a multiple of 43?
True
Is 8 a factor of 968?
True
Is 1594 a multiple of 45?
False
Is 44 a factor of 653?
False
Is 7 a factor of 231?
True
Is 18 a factor of 3090?
False
Does 6 divide 1284?
True
Does 17 divide 357?
True
Is 7 a factor of 52?
False
Does 43 divide 153897?
True
Is 7709 a multiple of 76?
False
Does 24 divide 2272?
False
Is 80885 a multiple of 62?
False
Is 23789 a multiple of 8?
False
Is 736 a multiple of 46?
True
Is 2911 a multiple of 4?
False
Is 93 a factor of 1209?
True
Does 16 divide 2048?
True
Is 26894 a multiple of 226?
True
Is 10 a factor of 570?
True
Does 56 divide 5656?
True
Does 9 divide 227?
False
Is 88312 a multiple of 14?
True
Is 80479 a multiple of 77?
False
Is 946 a multiple of 4?
False
Does 12 divide 885?
False
Does 30 divide 41018?
False
Is 3 a factor of 565?
False
Is 775 a multiple of 7?
False
Is 24 a factor of 10584?
True
Is 897 a multiple of 13?
True
Is 16 a factor of 71090?
False
Does 18 divide 974?
False
Is 80 a factor of 560?
True
Is 19591 a multiple of 13?
True
Is 20 a factor of 56089?
False
Does 34 divide 1107?
False
Is 504 a multiple of 9?
True
Is 8160 a multiple of 24?
True
Is 281 a multiple of 7?
False
Does 15 divide 1647?
False
Is 15 a factor of 23657?
False
Is 2669 a multiple of 17?
True
Is 5 a factor of 1253?
False
Does 7 divide 69?
False
Is 2488 a multiple of 105?
False
Does 19 divide 1368?
True
Is 149247 a multiple of 207?
True
Is 3 a factor of 969?
True
Is 205 a multiple of 6?
False
Is 196 a multiple of 49?
True
Is 60 a factor of 1020?
True
Does 2 divide 323?
False
Is 4 a factor of 668?
True
Is 65 a factor of 316?
False
Is 1655 a multiple of 11?
False
Is 1040 a multiple of 20?
True
Is 1173 a multiple of 3?
True
Is 24 a factor of 9253?
False
Does 15 divide 7365?
True
Is 2199 a multiple of 3?
True
Does 64 divide 2538?
False
Is 1411 a multiple of 8?
False
Is 51 a factor of 19074?
True
Does 10 divide 2157?
False
Is 114 a factor of 24738?
True
Is 25311 a multiple of 143?
True
Does 78 divide 27033?
False
Does 5 divide 95?
True
Is 1643 a multiple of 31?
True
Is 15 a factor of 945?
True
Is 1013 a multiple of 4?
False
Is 111 a multiple of 25?
False
Is 835 a multiple of 14?
False
Is 4579 a multiple of 5?
False
Is 6 a factor of 402?
True
Is 24 a factor of 3728?
False
Is 90 a factor of 1440?
True
Does 8 divide 1079?
False
Is 12180 a multiple of 29?
True
Does 155 divide 1705?
True
Is 485 a multiple of 11?
False
Is 1116 a multiple of 36?
True
Does 71 divide 205?
False
Is 325 a factor of 32500?
True
Does 11 divide 2540?
False
Is 6 a factor of 2120?
False
Is 59 a multiple of 4?
False
Does 7 divide 5131?
True
Does 13 divide 1568?
False
Is 8484 a multiple of 6?
True
Is 4446 a multiple of 18?
True
Is 165 a factor of 20955?
True
Does 61 divide 1708?
True
Is 4 a factor of 1309?
False
Does 6 divide 646?
False
Does 12 divide 882?
False
I